{"id":194,"date":"2014-02-11T20:27:14","date_gmt":"2014-02-11T18:27:14","guid":{"rendered":"http:\/\/musikverein-riesbuerg.de\/mv\/?page_id=194"},"modified":"2019-05-17T07:59:51","modified_gmt":"2019-05-17T05:59:51","slug":"vorstandschaft","status":"publish","type":"page","link":"https:\/\/musikverein-riesbuerg.de\/?page_id=194","title":{"rendered":"Vorstandschaft"},"content":{"rendered":"\n<h2>Vorstandschaft<\/h2>\n\n\n<p>Unser Verein ist schon sowas wie ein kleines Unternehmen. Sie k\u00f6nnen sich ja sicher vorstellen, dass man ein paar Leute braucht, um das Ganze zu managen. Dazu wird alle drei Jahre eine Vorstandschaft gew\u00e4hlt.<br>\nSie besteht aus:<\/p>\n<ul>\n<li>dem Vereinsvorsitzenden<\/li>\n<li>dessen Stellvertreter<\/li>\n<li>dem Kassierer<\/li>\n<li>dem Schriftf\u00fchrer<\/li>\n<li>der Dirigentin<\/li>\n<li>und f\u00fcnf Beisitzern<\/li>\n<\/ul>\n<p>Aus den Beisitzern w\u00e4hlen die aktiven Jugendlichen ihren Jugendvertreter, der sich um die Belange dieser Altersgruppe k\u00fcmmert.<\/p>","protected":false},"excerpt":{"rendered":"<p>Vorstandschaft Unser Verein ist schon sowas wie ein kleines Unternehmen. Sie k\u00f6nnen sich ja sicher vorstellen, dass man ein paar Leute braucht, um das Ganze zu managen. Dazu wird alle drei Jahre eine Vorstandschaft gew\u00e4hlt. Sie besteht aus: dem Vereinsvorsitzenden dessen Stellvertreter dem Kassierer dem Schriftf\u00fchrer der Dirigentin und f\u00fcnf Beisitzern Aus den Beisitzern w\u00e4hlen &hellip; <\/p>\n<p class=\"link-more\"><a href=\"https:\/\/musikverein-riesbuerg.de\/?page_id=194\" class=\"more-link\"><span class=\"screen-reader-text\">\u201eVorstandschaft\u201c<\/span> weiterlesen<\/a><\/p>\n","protected":false},"author":1,"featured_media":0,"parent":2,"menu_order":0,"comment_status":"closed","ping_status":"closed","template":"","meta":[],"yoast_head":"<!-- This site is optimized with the Yoast SEO plugin v20.0 - https:\/\/yoast.com\/wordpress\/plugins\/seo\/ -->\n<title>Vorstandschaft - Musikverein Riesb\u00fcrg e.V.<\/title>\n<meta name=\"robots\" content=\"index, follow, max-snippet:-1, max-image-preview:large, max-video-preview:-1\" \/>\n<link rel=\"canonical\" href=\"https:\/\/musikverein-riesbuerg.de\/?page_id=194\" \/>\n<meta property=\"og:locale\" content=\"de_DE\" \/>\n<meta property=\"og:type\" content=\"article\" \/>\n<meta property=\"og:title\" content=\"Vorstandschaft - Musikverein Riesb\u00fcrg e.V.\" \/>\n<meta property=\"og:description\" content=\"Vorstandschaft Unser Verein ist schon sowas wie ein kleines Unternehmen. Sie k\u00f6nnen sich ja sicher vorstellen, dass man ein paar Leute braucht, um das Ganze zu managen. Dazu wird alle drei Jahre eine Vorstandschaft gew\u00e4hlt. Sie besteht aus: dem Vereinsvorsitzenden dessen Stellvertreter dem Kassierer dem Schriftf\u00fchrer der Dirigentin und f\u00fcnf Beisitzern Aus den Beisitzern w\u00e4hlen &hellip; \u201eVorstandschaft\u201c weiterlesen\" \/>\n<meta property=\"og:url\" content=\"https:\/\/musikverein-riesbuerg.de\/?page_id=194\" \/>\n<meta property=\"og:site_name\" content=\"Musikverein Riesb\u00fcrg e.V.\" \/>\n<meta property=\"article:modified_time\" content=\"2019-05-17T05:59:51+00:00\" \/>\n<meta name=\"twitter:card\" content=\"summary_large_image\" \/>\n<script type=\"application\/ld+json\" class=\"yoast-schema-graph\">{\"@context\":\"https:\/\/schema.org\",\"@graph\":[{\"@type\":\"WebPage\",\"@id\":\"https:\/\/musikverein-riesbuerg.de\/?page_id=194\",\"url\":\"https:\/\/musikverein-riesbuerg.de\/?page_id=194\",\"name\":\"Vorstandschaft - Musikverein Riesb\u00fcrg e.V.\",\"isPartOf\":{\"@id\":\"https:\/\/musikverein-riesbuerg.de\/#website\"},\"datePublished\":\"2014-02-11T18:27:14+00:00\",\"dateModified\":\"2019-05-17T05:59:51+00:00\",\"breadcrumb\":{\"@id\":\"https:\/\/musikverein-riesbuerg.de\/?page_id=194#breadcrumb\"},\"inLanguage\":\"de\",\"potentialAction\":[{\"@type\":\"ReadAction\",\"target\":[\"https:\/\/musikverein-riesbuerg.de\/?page_id=194\"]}]},{\"@type\":\"BreadcrumbList\",\"@id\":\"https:\/\/musikverein-riesbuerg.de\/?page_id=194#breadcrumb\",\"itemListElement\":[{\"@type\":\"ListItem\",\"position\":1,\"name\":\"Startseite\",\"item\":\"https:\/\/musikverein-riesbuerg.de\/\"},{\"@type\":\"ListItem\",\"position\":2,\"name\":\"Verein\",\"item\":\"https:\/\/musikverein-riesbuerg.de\/?page_id=2\"},{\"@type\":\"ListItem\",\"position\":3,\"name\":\"Vorstandschaft\"}]},{\"@type\":\"WebSite\",\"@id\":\"https:\/\/musikverein-riesbuerg.de\/#website\",\"url\":\"https:\/\/musikverein-riesbuerg.de\/\",\"name\":\"Musikverein Riesb\u00fcrg e.V.\",\"description\":\"\",\"publisher\":{\"@id\":\"https:\/\/musikverein-riesbuerg.de\/#organization\"},\"potentialAction\":[{\"@type\":\"SearchAction\",\"target\":{\"@type\":\"EntryPoint\",\"urlTemplate\":\"https:\/\/musikverein-riesbuerg.de\/?s={search_term_string}\"},\"query-input\":\"required name=search_term_string\"}],\"inLanguage\":\"de\"},{\"@type\":\"Organization\",\"@id\":\"https:\/\/musikverein-riesbuerg.de\/#organization\",\"name\":\"Musikverein Riesb\u00fcrg e.V.\",\"url\":\"https:\/\/musikverein-riesbuerg.de\/\",\"logo\":{\"@type\":\"ImageObject\",\"inLanguage\":\"de\",\"@id\":\"https:\/\/musikverein-riesbuerg.de\/#\/schema\/logo\/image\/\",\"url\":\"https:\/\/musikverein-riesbuerg.de\/wp-content\/uploads\/cropped-mvr-wappen_durchsichtig_2.png\",\"contentUrl\":\"https:\/\/musikverein-riesbuerg.de\/wp-content\/uploads\/cropped-mvr-wappen_durchsichtig_2.png\",\"width\":250,\"height\":250,\"caption\":\"Musikverein Riesb\u00fcrg e.V.\"},\"image\":{\"@id\":\"https:\/\/musikverein-riesbuerg.de\/#\/schema\/logo\/image\/\"}}]}<\/script>\n<!-- \/ Yoast SEO plugin. -->","yoast_head_json":{"title":"Vorstandschaft - Musikverein Riesb\u00fcrg e.V.","robots":{"index":"index","follow":"follow","max-snippet":"max-snippet:-1","max-image-preview":"max-image-preview:large","max-video-preview":"max-video-preview:-1"},"canonical":"https:\/\/musikverein-riesbuerg.de\/?page_id=194","og_locale":"de_DE","og_type":"article","og_title":"Vorstandschaft - Musikverein Riesb\u00fcrg e.V.","og_description":"Vorstandschaft Unser Verein ist schon sowas wie ein kleines Unternehmen. Sie k\u00f6nnen sich ja sicher vorstellen, dass man ein paar Leute braucht, um das Ganze zu managen. Dazu wird alle drei Jahre eine Vorstandschaft gew\u00e4hlt. Sie besteht aus: dem Vereinsvorsitzenden dessen Stellvertreter dem Kassierer dem Schriftf\u00fchrer der Dirigentin und f\u00fcnf Beisitzern Aus den Beisitzern w\u00e4hlen &hellip; \u201eVorstandschaft\u201c weiterlesen","og_url":"https:\/\/musikverein-riesbuerg.de\/?page_id=194","og_site_name":"Musikverein Riesb\u00fcrg e.V.","article_modified_time":"2019-05-17T05:59:51+00:00","twitter_card":"summary_large_image","schema":{"@context":"https:\/\/schema.org","@graph":[{"@type":"WebPage","@id":"https:\/\/musikverein-riesbuerg.de\/?page_id=194","url":"https:\/\/musikverein-riesbuerg.de\/?page_id=194","name":"Vorstandschaft - Musikverein Riesb\u00fcrg e.V.","isPartOf":{"@id":"https:\/\/musikverein-riesbuerg.de\/#website"},"datePublished":"2014-02-11T18:27:14+00:00","dateModified":"2019-05-17T05:59:51+00:00","breadcrumb":{"@id":"https:\/\/musikverein-riesbuerg.de\/?page_id=194#breadcrumb"},"inLanguage":"de","potentialAction":[{"@type":"ReadAction","target":["https:\/\/musikverein-riesbuerg.de\/?page_id=194"]}]},{"@type":"BreadcrumbList","@id":"https:\/\/musikverein-riesbuerg.de\/?page_id=194#breadcrumb","itemListElement":[{"@type":"ListItem","position":1,"name":"Startseite","item":"https:\/\/musikverein-riesbuerg.de\/"},{"@type":"ListItem","position":2,"name":"Verein","item":"https:\/\/musikverein-riesbuerg.de\/?page_id=2"},{"@type":"ListItem","position":3,"name":"Vorstandschaft"}]},{"@type":"WebSite","@id":"https:\/\/musikverein-riesbuerg.de\/#website","url":"https:\/\/musikverein-riesbuerg.de\/","name":"Musikverein Riesb\u00fcrg e.V.","description":"","publisher":{"@id":"https:\/\/musikverein-riesbuerg.de\/#organization"},"potentialAction":[{"@type":"SearchAction","target":{"@type":"EntryPoint","urlTemplate":"https:\/\/musikverein-riesbuerg.de\/?s={search_term_string}"},"query-input":"required name=search_term_string"}],"inLanguage":"de"},{"@type":"Organization","@id":"https:\/\/musikverein-riesbuerg.de\/#organization","name":"Musikverein Riesb\u00fcrg e.V.","url":"https:\/\/musikverein-riesbuerg.de\/","logo":{"@type":"ImageObject","inLanguage":"de","@id":"https:\/\/musikverein-riesbuerg.de\/#\/schema\/logo\/image\/","url":"https:\/\/musikverein-riesbuerg.de\/wp-content\/uploads\/cropped-mvr-wappen_durchsichtig_2.png","contentUrl":"https:\/\/musikverein-riesbuerg.de\/wp-content\/uploads\/cropped-mvr-wappen_durchsichtig_2.png","width":250,"height":250,"caption":"Musikverein Riesb\u00fcrg e.V."},"image":{"@id":"https:\/\/musikverein-riesbuerg.de\/#\/schema\/logo\/image\/"}}]}},"_links":{"self":[{"href":"https:\/\/musikverein-riesbuerg.de\/index.php?rest_route=\/wp\/v2\/pages\/194"}],"collection":[{"href":"https:\/\/musikverein-riesbuerg.de\/index.php?rest_route=\/wp\/v2\/pages"}],"about":[{"href":"https:\/\/musikverein-riesbuerg.de\/index.php?rest_route=\/wp\/v2\/types\/page"}],"author":[{"embeddable":true,"href":"https:\/\/musikverein-riesbuerg.de\/index.php?rest_route=\/wp\/v2\/users\/1"}],"replies":[{"embeddable":true,"href":"https:\/\/musikverein-riesbuerg.de\/index.php?rest_route=%2Fwp%2Fv2%2Fcomments&post=194"}],"version-history":[{"count":4,"href":"https:\/\/musikverein-riesbuerg.de\/index.php?rest_route=\/wp\/v2\/pages\/194\/revisions"}],"predecessor-version":[{"id":1118,"href":"https:\/\/musikverein-riesbuerg.de\/index.php?rest_route=\/wp\/v2\/pages\/194\/revisions\/1118"}],"up":[{"embeddable":true,"href":"https:\/\/musikverein-riesbuerg.de\/index.php?rest_route=\/wp\/v2\/pages\/2"}],"wp:attachment":[{"href":"https:\/\/musikverein-riesbuerg.de\/index.php?rest_route=%2Fwp%2Fv2%2Fmedia&parent=194"}],"curies":[{"name":"wp","href":"https:\/\/api.w.org\/{rel}","templated":true}]}}