{"id":184,"date":"2014-02-11T20:23:53","date_gmt":"2014-02-11T18:23:53","guid":{"rendered":"http:\/\/musikverein-riesbuerg.de\/mv\/?page_id=184"},"modified":"2019-05-17T07:57:50","modified_gmt":"2019-05-17T05:57:50","slug":"vereinsgeschichte","status":"publish","type":"page","link":"https:\/\/musikverein-riesbuerg.de\/?page_id=184","title":{"rendered":"Vereinsgeschichte"},"content":{"rendered":"\n<h2>Vereinsgeschichte <\/h2>\n\n\n<p><span style=\"color: #000000;\">Der Musikverein Riesb\u00fcrg wurde 1981 gegr\u00fcndet mit dem Ziel, den Kindern, Jugendlichen und Erwachsenen die M\u00f6glichkeit zu bieten, musikalisch t\u00e4tig zu werden und die Gemeinde Riesb\u00fcrg bei zahlreichen Veranstaltungen zu repr\u00e4sentieren. Aufgrund vieler anderer Freizeitangebote und weiteren schulischen und beruflichen Einfl\u00fcssen erlebte unser Verein in seiner Anfangsphase H\u00f6hen und Tiefen. Deshalb sind wir heute stolz darauf, Ihnen eine Musikkapelle mit etwa 35 Musikerinnen und Musikern pr\u00e4sentieren zu k\u00f6nnen. Durch unsere Jugendausbildung versuchen wir, die Besetzung der Kapelle auszubauen und zu festigen, um Sie noch lange mit qualitativ guter Musik zu verschiedenen Anl\u00e4ssen unterhalten zu k\u00f6nnen.<\/span><\/p>","protected":false},"excerpt":{"rendered":"<p>Vereinsgeschichte Der Musikverein Riesb\u00fcrg wurde 1981 gegr\u00fcndet mit dem Ziel, den Kindern, Jugendlichen und Erwachsenen die M\u00f6glichkeit zu bieten, musikalisch t\u00e4tig zu werden und die Gemeinde Riesb\u00fcrg bei zahlreichen Veranstaltungen zu repr\u00e4sentieren. Aufgrund vieler anderer Freizeitangebote und weiteren schulischen und beruflichen Einfl\u00fcssen erlebte unser Verein in seiner Anfangsphase H\u00f6hen und Tiefen. Deshalb sind wir heute &hellip; <\/p>\n<p class=\"link-more\"><a href=\"https:\/\/musikverein-riesbuerg.de\/?page_id=184\" class=\"more-link\"><span class=\"screen-reader-text\">\u201eVereinsgeschichte\u201c<\/span> weiterlesen<\/a><\/p>\n","protected":false},"author":1,"featured_media":0,"parent":2,"menu_order":0,"comment_status":"closed","ping_status":"closed","template":"","meta":[],"yoast_head":"<!-- This site is optimized with the Yoast SEO plugin v20.0 - https:\/\/yoast.com\/wordpress\/plugins\/seo\/ -->\n<title>Vereinsgeschichte - Musikverein Riesb\u00fcrg e.V.<\/title>\n<meta name=\"robots\" content=\"index, follow, max-snippet:-1, max-image-preview:large, max-video-preview:-1\" \/>\n<link rel=\"canonical\" href=\"https:\/\/musikverein-riesbuerg.de\/?page_id=184\" \/>\n<meta property=\"og:locale\" content=\"de_DE\" \/>\n<meta property=\"og:type\" content=\"article\" \/>\n<meta property=\"og:title\" content=\"Vereinsgeschichte - Musikverein Riesb\u00fcrg e.V.\" \/>\n<meta property=\"og:description\" content=\"Vereinsgeschichte Der Musikverein Riesb\u00fcrg wurde 1981 gegr\u00fcndet mit dem Ziel, den Kindern, Jugendlichen und Erwachsenen die M\u00f6glichkeit zu bieten, musikalisch t\u00e4tig zu werden und die Gemeinde Riesb\u00fcrg bei zahlreichen Veranstaltungen zu repr\u00e4sentieren. Aufgrund vieler anderer Freizeitangebote und weiteren schulischen und beruflichen Einfl\u00fcssen erlebte unser Verein in seiner Anfangsphase H\u00f6hen und Tiefen. Deshalb sind wir heute &hellip; \u201eVereinsgeschichte\u201c weiterlesen\" \/>\n<meta property=\"og:url\" content=\"https:\/\/musikverein-riesbuerg.de\/?page_id=184\" \/>\n<meta property=\"og:site_name\" content=\"Musikverein Riesb\u00fcrg e.V.\" \/>\n<meta property=\"article:modified_time\" content=\"2019-05-17T05:57:50+00:00\" \/>\n<meta name=\"twitter:card\" content=\"summary_large_image\" \/>\n<meta name=\"twitter:label1\" content=\"Gesch\u00e4tzte Lesezeit\" \/>\n\t<meta name=\"twitter:data1\" content=\"1\u00a0Minute\" \/>\n<script type=\"application\/ld+json\" class=\"yoast-schema-graph\">{\"@context\":\"https:\/\/schema.org\",\"@graph\":[{\"@type\":\"WebPage\",\"@id\":\"https:\/\/musikverein-riesbuerg.de\/?page_id=184\",\"url\":\"https:\/\/musikverein-riesbuerg.de\/?page_id=184\",\"name\":\"Vereinsgeschichte - Musikverein Riesb\u00fcrg e.V.\",\"isPartOf\":{\"@id\":\"https:\/\/musikverein-riesbuerg.de\/#website\"},\"datePublished\":\"2014-02-11T18:23:53+00:00\",\"dateModified\":\"2019-05-17T05:57:50+00:00\",\"breadcrumb\":{\"@id\":\"https:\/\/musikverein-riesbuerg.de\/?page_id=184#breadcrumb\"},\"inLanguage\":\"de\",\"potentialAction\":[{\"@type\":\"ReadAction\",\"target\":[\"https:\/\/musikverein-riesbuerg.de\/?page_id=184\"]}]},{\"@type\":\"BreadcrumbList\",\"@id\":\"https:\/\/musikverein-riesbuerg.de\/?page_id=184#breadcrumb\",\"itemListElement\":[{\"@type\":\"ListItem\",\"position\":1,\"name\":\"Startseite\",\"item\":\"https:\/\/musikverein-riesbuerg.de\/\"},{\"@type\":\"ListItem\",\"position\":2,\"name\":\"Verein\",\"item\":\"https:\/\/musikverein-riesbuerg.de\/?page_id=2\"},{\"@type\":\"ListItem\",\"position\":3,\"name\":\"Vereinsgeschichte\"}]},{\"@type\":\"WebSite\",\"@id\":\"https:\/\/musikverein-riesbuerg.de\/#website\",\"url\":\"https:\/\/musikverein-riesbuerg.de\/\",\"name\":\"Musikverein Riesb\u00fcrg e.V.\",\"description\":\"\",\"publisher\":{\"@id\":\"https:\/\/musikverein-riesbuerg.de\/#organization\"},\"potentialAction\":[{\"@type\":\"SearchAction\",\"target\":{\"@type\":\"EntryPoint\",\"urlTemplate\":\"https:\/\/musikverein-riesbuerg.de\/?s={search_term_string}\"},\"query-input\":\"required name=search_term_string\"}],\"inLanguage\":\"de\"},{\"@type\":\"Organization\",\"@id\":\"https:\/\/musikverein-riesbuerg.de\/#organization\",\"name\":\"Musikverein Riesb\u00fcrg e.V.\",\"url\":\"https:\/\/musikverein-riesbuerg.de\/\",\"logo\":{\"@type\":\"ImageObject\",\"inLanguage\":\"de\",\"@id\":\"https:\/\/musikverein-riesbuerg.de\/#\/schema\/logo\/image\/\",\"url\":\"https:\/\/musikverein-riesbuerg.de\/wp-content\/uploads\/cropped-mvr-wappen_durchsichtig_2.png\",\"contentUrl\":\"https:\/\/musikverein-riesbuerg.de\/wp-content\/uploads\/cropped-mvr-wappen_durchsichtig_2.png\",\"width\":250,\"height\":250,\"caption\":\"Musikverein Riesb\u00fcrg e.V.\"},\"image\":{\"@id\":\"https:\/\/musikverein-riesbuerg.de\/#\/schema\/logo\/image\/\"}}]}<\/script>\n<!-- \/ Yoast SEO plugin. -->","yoast_head_json":{"title":"Vereinsgeschichte - Musikverein Riesb\u00fcrg e.V.","robots":{"index":"index","follow":"follow","max-snippet":"max-snippet:-1","max-image-preview":"max-image-preview:large","max-video-preview":"max-video-preview:-1"},"canonical":"https:\/\/musikverein-riesbuerg.de\/?page_id=184","og_locale":"de_DE","og_type":"article","og_title":"Vereinsgeschichte - Musikverein Riesb\u00fcrg e.V.","og_description":"Vereinsgeschichte Der Musikverein Riesb\u00fcrg wurde 1981 gegr\u00fcndet mit dem Ziel, den Kindern, Jugendlichen und Erwachsenen die M\u00f6glichkeit zu bieten, musikalisch t\u00e4tig zu werden und die Gemeinde Riesb\u00fcrg bei zahlreichen Veranstaltungen zu repr\u00e4sentieren. Aufgrund vieler anderer Freizeitangebote und weiteren schulischen und beruflichen Einfl\u00fcssen erlebte unser Verein in seiner Anfangsphase H\u00f6hen und Tiefen. Deshalb sind wir heute &hellip; \u201eVereinsgeschichte\u201c weiterlesen","og_url":"https:\/\/musikverein-riesbuerg.de\/?page_id=184","og_site_name":"Musikverein Riesb\u00fcrg e.V.","article_modified_time":"2019-05-17T05:57:50+00:00","twitter_card":"summary_large_image","twitter_misc":{"Gesch\u00e4tzte Lesezeit":"1\u00a0Minute"},"schema":{"@context":"https:\/\/schema.org","@graph":[{"@type":"WebPage","@id":"https:\/\/musikverein-riesbuerg.de\/?page_id=184","url":"https:\/\/musikverein-riesbuerg.de\/?page_id=184","name":"Vereinsgeschichte - Musikverein Riesb\u00fcrg e.V.","isPartOf":{"@id":"https:\/\/musikverein-riesbuerg.de\/#website"},"datePublished":"2014-02-11T18:23:53+00:00","dateModified":"2019-05-17T05:57:50+00:00","breadcrumb":{"@id":"https:\/\/musikverein-riesbuerg.de\/?page_id=184#breadcrumb"},"inLanguage":"de","potentialAction":[{"@type":"ReadAction","target":["https:\/\/musikverein-riesbuerg.de\/?page_id=184"]}]},{"@type":"BreadcrumbList","@id":"https:\/\/musikverein-riesbuerg.de\/?page_id=184#breadcrumb","itemListElement":[{"@type":"ListItem","position":1,"name":"Startseite","item":"https:\/\/musikverein-riesbuerg.de\/"},{"@type":"ListItem","position":2,"name":"Verein","item":"https:\/\/musikverein-riesbuerg.de\/?page_id=2"},{"@type":"ListItem","position":3,"name":"Vereinsgeschichte"}]},{"@type":"WebSite","@id":"https:\/\/musikverein-riesbuerg.de\/#website","url":"https:\/\/musikverein-riesbuerg.de\/","name":"Musikverein Riesb\u00fcrg e.V.","description":"","publisher":{"@id":"https:\/\/musikverein-riesbuerg.de\/#organization"},"potentialAction":[{"@type":"SearchAction","target":{"@type":"EntryPoint","urlTemplate":"https:\/\/musikverein-riesbuerg.de\/?s={search_term_string}"},"query-input":"required name=search_term_string"}],"inLanguage":"de"},{"@type":"Organization","@id":"https:\/\/musikverein-riesbuerg.de\/#organization","name":"Musikverein Riesb\u00fcrg e.V.","url":"https:\/\/musikverein-riesbuerg.de\/","logo":{"@type":"ImageObject","inLanguage":"de","@id":"https:\/\/musikverein-riesbuerg.de\/#\/schema\/logo\/image\/","url":"https:\/\/musikverein-riesbuerg.de\/wp-content\/uploads\/cropped-mvr-wappen_durchsichtig_2.png","contentUrl":"https:\/\/musikverein-riesbuerg.de\/wp-content\/uploads\/cropped-mvr-wappen_durchsichtig_2.png","width":250,"height":250,"caption":"Musikverein Riesb\u00fcrg e.V."},"image":{"@id":"https:\/\/musikverein-riesbuerg.de\/#\/schema\/logo\/image\/"}}]}},"_links":{"self":[{"href":"https:\/\/musikverein-riesbuerg.de\/index.php?rest_route=\/wp\/v2\/pages\/184"}],"collection":[{"href":"https:\/\/musikverein-riesbuerg.de\/index.php?rest_route=\/wp\/v2\/pages"}],"about":[{"href":"https:\/\/musikverein-riesbuerg.de\/index.php?rest_route=\/wp\/v2\/types\/page"}],"author":[{"embeddable":true,"href":"https:\/\/musikverein-riesbuerg.de\/index.php?rest_route=\/wp\/v2\/users\/1"}],"replies":[{"embeddable":true,"href":"https:\/\/musikverein-riesbuerg.de\/index.php?rest_route=%2Fwp%2Fv2%2Fcomments&post=184"}],"version-history":[{"count":12,"href":"https:\/\/musikverein-riesbuerg.de\/index.php?rest_route=\/wp\/v2\/pages\/184\/revisions"}],"predecessor-version":[{"id":1115,"href":"https:\/\/musikverein-riesbuerg.de\/index.php?rest_route=\/wp\/v2\/pages\/184\/revisions\/1115"}],"up":[{"embeddable":true,"href":"https:\/\/musikverein-riesbuerg.de\/index.php?rest_route=\/wp\/v2\/pages\/2"}],"wp:attachment":[{"href":"https:\/\/musikverein-riesbuerg.de\/index.php?rest_route=%2Fwp%2Fv2%2Fmedia&parent=184"}],"curies":[{"name":"wp","href":"https:\/\/api.w.org\/{rel}","templated":true}]}}